What is the remainder when 12 is divided by v(j)?
2
Suppose -y - g + 82 = 27, 4*y + 5*g - 221 = 0. Calculate the remainder when y is divided by 30.
24
Suppose h - 2*h - 14 = 3*j, -4*h - 5*j - 28 = 0. What is the remainder when 28 is divided by 3 - -2*5 - h?
13
Let o(j) = 3*j**2 + 9*j - 31. Calculate the remainder when 275 is divided by o(3).
22
Let h = 217 - 136. Calculate the remainder when h is divided by -2*(58/(-4) - -4).
18
Let l(q) = -q**2 + 5*q + 62. Let z = 23 + -35. Let x = z + 34. Calculate the remainder when x is divided by l(-5).
10
Let z(t) = 5*t**3 - 4*t**2 + 6*t - 2. Calculate the remainder when 611 is divided by z(2).
33
Let h be 26/2 - (-4 + (0 - -1)). Suppose 18*q = h*q + 198. Let s = -24 - -49. What is the remainder when q is divided by s?
24
Suppose 4*w = -5*g + 56, 5*g = 2*w - 4 + 36. What is the remainder when 8 is divided by g?
0
Suppose 18*q = 11*q + 1610. Suppose 172*p - q = 170*p. Calculate the remainder when p is divided by 60.
55
Let i = 42 + 3. What is the remainder when i is divided by 7?
3
Calculate the remainder when 22 is divided by (-3 + 30/24)*-4.
1
Let i(d) = 12*d - 1. Suppose -13 = -l - 4. Calculate the remainder when i(3) is divided by l.
8
Let v = -38 - -211. Let a = -104 + v. Calculate the remainder when a is divided by 36.
33
Suppose 123*y - 125*y + 5*g = -4830, 0 = -y - 5*g + 2400. Calculate the remainder when y is divided by 36.
34
Let p(r) = -2*r**3 - r**2 + 19*r + 38. What is the remainder when p(0) is divided by 37?
1
Let a(g) = 8*g + 1. Let q be -1 + 1 + (-6 + 351)/3. Calculate the remainder when a(4) is divided by (-2)/(-4) - q/(-10).
9
Suppose -10*q + 11*q - v - 17 = 0, 3*q - 26 = -2*v. Let h = -39 - -84. What is the remainder when h is divided by q?
9
Suppose -139*v - 29 = -140*v. What is the remainder when 111 is divided by v?
24
Suppose 11 + 22 = 3*t. Let s = -20 - -55. Suppose s = 4*a + a. Calculate the remainder when t is divided by a.
4
Let n be 5 - (0 - (2 + 1)*-1). What is the remainder when 22 is divided by (1/4 - 1)/(n/(-8))?
1
Suppose j = -j + 16. Suppose -j*c + 9*c = 3. What is the remainder when c is divided by 2?
1
Let z be 8/(-2)*-1*(-20)/(-16). Suppose -5*g + 4*g + 92 = 3*c, 3*c = z*g + 98. Calculate the remainder when c is divided by 16.
15
Let h(s) = -s - 5. Let q be h(-7). Let g = q + 2. Calculate the remainder when -8 + 21 + 2*-1 is divided by g.
3
Suppose 2*s = -0*y + 4*y - 176, 0 = -2*y - 5*s + 64. What is the remainder when y is divided by 4?
2
Suppose k - 218 = -4*s + 4*k, -k = -4*s + 214. Let c be 0 + 2 - 5 - s. What is the remainder when 26 is divided by (-18)/(-12)*c/(-6)?
12
Let j(v) = 8*v + 8. What is the remainder when j(6) is divided by ((-11)/((-77)/12))/(3/21)?
8
Suppose 76*p - 1486 = 4*p - 406. What is the remainder when 0/(0 - -1) - -59 is divided by p?
14
Suppose 37*z = 35*z + 36. Suppose 5*o - 2 = -b, -3*o = 3*b - 0*b - z. Calculate the remainder when 12 is divided by b.
5
Let p = 1220 - 1149. Calculate the remainder when p is divided by 41.
30
Let p(s) = -176*s - 1030. What is the remainder when p(-11) is divided by 35?
31
Let a(w) = 3*w**2 - 5*w + 13. What is the remainder when a(7) is divided by 32?
29
Suppose -130*s + 134*s = 232. Calculate the remainder when s is divided by 8.
2
What is the remainder when (-28)/16*(-206 + 2) is divided by 40?
37
Let c(g) = -2*g + 46 + 3*g + 35 + 0. What is the remainder when c(-20) is divided by 13?
9
Let a be (-3)/(-1 + (-2)/(-8)). Suppose -n + 70 = a*n. Suppose -22 - 30 = -2*s. What is the remainder when s is divided by n?
12
Let i = -807 - -891. Calculate the remainder when 161 is divided by i.
77
Let d(f) = f**2 - f - 2. Let k(b) = -1 - 4*b - 6 - 8 + b. Calculate the remainder when k(-10) is divided by d(3).
3
Let w(l) = -l**3 - 2*l**2 + 1. Let v be w(-2). Suppose 3*f + 3 = 0, -3*q + 5*f + v + 28 = 0. Let k = 163 + -140. What is the remainder when k is divided by q?
7
Suppose 5*j - 4*g - 438 = 0, -2*j + 0*j + 3*g = -178. What is the remainder when j is divided by 20?
6
Let m = 15 - 15. Calculate the remainder when 56 + 0/(-2) + m is divided by 29.
27
Suppose -8 = 4*u + 4*w, -9 = -u + 2*w + 1. Suppose -4*p + j - 64 = 0, 2*j = -5*p - u*j - 80. Let v = p - -29. What is the remainder when 62 is divided by v?
10
Calculate the remainder when 99 is divided by -5 + (-4144)/(-126) + (-2)/(-18).
15
Suppose 0*y = 2*y - 3*y. Suppose 5*l - 15 = y, -5*l - 1 = -w - 8. What is the remainder when w is divided by 5/(-2)*-1*2?
3
Suppose -2*i = 10, 43*a - 40*a - 5*i = 100. Calculate the remainder when 897 is divided by a.
22
Let f(w) = w + 10. Suppose -5*h - 4*s = 12, -5*s - 24 = -5*h - 9. Suppose a + 2*a - 48 = h. What is the remainder when a is divided by f(-1)?
7
Let z = 26 + -24. Suppose -2*t - 1 = x, 0 = -t + x - z*x. Calculate the remainder when 70 is divided by ((-5)/(-5))/(t/(-18)).
16
Suppose -s + 62 = -0. Suppose -5*g + 22 = 30*k - 28*k, 2*g = 5*k - 113. Calculate the remainder when s is divided by k.
20
Suppose 37 - 10 = h. Let v(t) = -4*t + 27. What is the remainder when h is divided by v(5)?
6
Let k(a) = 3*a. Let z be k(-2). Let t = -7 - z. What is the remainder when (3 + -26)*(-2 - t) is divided by 13?
10
Suppose -3*u + 0*u = -354. Let g(c) = -22*c - 14. Calculate the remainder when u is divided by g(-2).
28
Suppose 2*p = -x + 88, -p = 5*x + 2*p - 419. Suppose l - x = -w, -3 = -5*w + 6*w. Calculate the remainder when l is divided by 11.
8
Let a(q) = 13*q**2 + q - 1. Suppose -4*u - 3 + 7 = 0. Calculate the remainder when 62 is divided by a(u).
10
Let d(v) = 27*v**2 - 2*v + 1. What is the remainder when d(3) is divided by 60?
58
Suppose 3*d + 4 = d, -5*k + 3*d + 86 = 0. Let m(l) be the second derivative of l**4/12 - l**2 + 2*l. Calculate the remainder when m(-8) is divided by k.
14
Let f = -45 - -141. Suppose -16*q + f = -14*q. Let m(d) = d**3 - d**2 + 25. What is the remainder when q is divided by m(0)?
23
Let v(s) = s + 1. Let i be v(-1). Suppose q + 3*g = 3, -q - g + i = -7. What is the remainder when q is divided by 4?
1
Let j(w) be the first derivative of -3*w**2/2 - 20*w + 23. Calculate the remainder when 48 is divided by j(-9).
6
Let n = -185 + 117. Let m = n + 185. Calculate the remainder when m is divided by 30.
27
Let v(t) = t**3 - t**2 + t + 21. Suppose 23*x = 22*x - 60. Let m = -52 - x. What is the remainder when v(0) is divided by m?
5
Suppose -100 = 178*t - 183*t. What is the remainder when 136 is divided by t?
16
Suppose -2*a - 2*x + 80 = 0, 12*x = -3*a + 13*x + 128. Calculate the remainder when 250 is divided by a.
40
Let f(a) = 4*a**2 - a. Let d be f(1). Suppose d*m - 4 = 2, -3*n = m - 32. Suppose 25*r - 92*r + 4386 = 191*r. Calculate the remainder when r is divided by n.
7
Let q(f) = f**2 + 4*f - 4. Calculate the remainder when 152 is divided by q(3).
16
Suppose 0 = -m + 6 - 1. Suppose m*p = 3*a + 35, -12 = -2*p + 2*a + 6. What is the remainder when 14 is divided by p?
2
Let z = 121 - -165. Calculate the remainder when z is divided by 16.
14
Suppose 70 = 3*h - 59. Let y(x) = -4*x**2 + 40*x - 69. Calculate the remainder when h is divided by y(7).
13
Suppose 5*h = 7*h + 2*f - 2492, 4*h - 4976 = -2*f. What is the remainder when h is divided by 83?
80
Suppose -5*n + 182 = y, -5*n - 2*y + 190 - 11 = 0. What is the remainder when 69 is divided by n?
32
Suppose 77 = u - 5*s, -u + 16*s - 19*s + 37 = 0. What is the remainder when 150 is divided by u?
46
Let k be 9/(-36) + 50/8. Suppose 15 = 5*n, 1 = -t + n + 12. Calculate the remainder when k/(-4)*(4 + -20) is divided by t.
10
Suppose -4*o + 12 = -u - 57, 2*o = 4*u + 38. Suppose -m + 40 = 5*h, -3*m + 90 = 5*h - 40. What is the remainder when m is divided by o?
11
Suppose 3*s = -4*z + 85, -2*z - z + 2*s + 51 = 0. Calculate the remainder when z is divided by 12.
7
Let p(b) = -b**3 + 3*b + 1. Let a(s) = -s**3 + 29*s**2 + 34*s - 96. Calculate the remainder when a(30) is divided by p(-2).
0
Suppose -5*u + 29 = d, -3*u - 2*d = 2*d - 31. Calculate the remainder when (-586)/(-8) + (-27)/(-36) is divided by u.
4
Let u = -89 - -99. Suppose 13*h = u*h + 36. What is the remainder when h is divided by 5?
2
Calculate the remainder when 115 is divided by (-1341)/(-45) + (-3)/(-15).
25
Let f(r) = 44*r**2 - r + 10. Let b be f(3). Suppose -16*t + 3*t = -b. What is the remainder 